is the greatest common factor of 80919 and 2872125?
999
Calculate the greatest common divisor of 31233 and 376591.
359
What is the highest common divisor of 59292892 and 443?
443
What is the greatest common divisor of 280 and 46793040?
280
Calculate the greatest common divisor of 30447 and 2448.
153
What is the greatest common factor of 64032 and 17364?
12
What is the greatest common factor of 16436 and 48901209?
4109
What is the greatest common divisor of 5934 and 347010?
258
Calculate the highest common divisor of 156 and 112705884.
12
Calculate the greatest common divisor of 14064484 and 196.
28
Calculate the greatest common divisor of 7847100 and 240.
60
Calculate the highest common divisor of 43556 and 1652.
4
What is the highest common divisor of 19046 and 2013536?
178
Calculate the highest common factor of 2038 and 39798064.
2038
Calculate the highest common divisor of 17160 and 3303960.
1320
What is the highest common divisor of 160013648 and 4640?
464
What is the highest common factor of 87950 and 33650?
50
Calculate the highest common factor of 67202422 and 98.
98
What is the greatest common factor of 90102540 and 495?
165
What is the greatest common divisor of 26301309 and 246440?
6161
What is the greatest common factor of 533708 and 1274?
98
What is the highest common divisor of 368 and 2508472?
184
Calculate the greatest common factor of 270732 and 119614.
22
Calculate the greatest common factor of 67792 and 381776.
3568
Calculate the highest common divisor of 97521 and 1494.
3
What is the greatest common divisor of 112 and 335459776?
16
What is the greatest common divisor of 110560114 and 42?
14
Calculate the greatest common factor of 193536 and 6495744.
1536
What is the greatest common factor of 36668 and 143468?
356
What is the highest common factor of 75005 and 57925?
35
Calculate the highest common divisor of 118395 and 75.
15
Calculate the highest common factor of 3408 and 138093864.
1704
What is the greatest common factor of 286 and 1497452?
22
Calculate the highest common divisor of 2118 and 296296551.
1059
What is the greatest common factor of 2391356 and 437989?
3197
Calculate the greatest common factor of 16074229 and 2757.
919
What is the highest common factor of 2001626 and 8?
2
Calculate the greatest common factor of 1772545 and 32270.
2305
Calculate the greatest common divisor of 1441044 and 7722.
594
What is the highest common divisor of 50482 and 59082?
86
Calculate the highest common factor of 18093 and 329448.
111
What is the highest common divisor of 672 and 623954184?
168
What is the highest common divisor of 55572822 and 3644?
1822
Calculate the greatest common divisor of 146080557 and 567.
189
Calculate the greatest common factor of 80 and 4406528.
16
Calculate the highest common factor of 18723 and 1030397.
79
What is the highest common divisor of 13325684 and 6692?
956
What is the greatest common divisor of 292 and 629917?
73
Calculate the greatest common divisor of 373038404 and 4156.
4156
What is the highest common divisor of 1823766855 and 15?
15
What is the highest common divisor of 3475 and 272579?
139
What is the greatest common divisor of 62 and 296068352?
62
What is the highest common divisor of 151087 and 138?
23
Calculate the highest common factor of 1633 and 102902.
23
What is the highest common factor of 40 and 437908360?
40
What is the highest common factor of 27632 and 30929?
157
What is the highest common factor of 37680225 and 3135?
165
Calculate the highest common divisor of 80 and 105627320.
40
What is the highest common divisor of 516682 and 3321?
41
What is the highest common divisor of 111058797 and 4611?
159
Calculate the greatest common divisor of 1646 and 88078283.
823
Calculate the greatest common divisor of 62338 and 1050966.
878
Calculate the highest common factor of 483 and 577461.
69
Calculate the highest common factor of 6153 and 7479411.
879
What is the highest common factor of 418015051 and 3407?
3407
Calculate the highest common factor of 22250608 and 80.
16
Calculate the greatest common divisor of 96 and 25225584.
48
Calculate the highest common divisor of 10328 and 82328.
8
What is the highest common factor of 25371704 and 4776?
1592
What is the highest common factor of 185535 and 286843?
589
What is the greatest common factor of 44519988 and 1044?
348
What is the highest common factor of 1293656 and 1378?
26
What is the greatest common factor of 410 and 125375?
5
Calculate the greatest common factor of 35322 and 2936192.
406
Calculate the highest common factor of 59225 and 634225.
575
What is the greatest common divisor of 2750 and 23047900?
50
What is the highest common factor of 72680 and 1492?
4
Calculate the highest common factor of 1278 and 11103282.
18
Calculate the greatest common factor of 58541049 and 1701.
567
What is the greatest common factor of 18964 and 83614?
862
Calculate the greatest common divisor of 928864 and 11872.
32
What is the highest common divisor of 49544921 and 23?
23
Calculate the highest common divisor of 880 and 17966320.
80
Calculate the greatest common factor of 137272 and 1744.
8
What is the highest common divisor of 10178420 and 41860?
3220
What is the greatest common factor of 4170590 and 11040?
230
What is the greatest common divisor of 1127335 and 6965?
995
What is the highest common divisor of 9927234 and 17100?
342
Calculate the greatest common divisor of 24 and 389109576.
24
What is the greatest common divisor of 22607338 and 104?
26
Calculate the greatest common factor of 70485 and 322455.
555
What is the highest common divisor of 3182628 and 888?
12
What is the highest common divisor of 2888 and 15116?
4
Calculate the greatest common divisor of 1193162 and 5814.
646
Calculate the greatest common divisor of 24253780 and 279.
31
What is the greatest common divisor of 2048560 and 163850?
290
Calculate the greatest common factor of 1964 and 9866645.
491
What is the greatest common factor of 1912 and 123210236?
956
Calculate the highest common factor of 30223710 and 24.
6
What is the highest common factor of 4615 and 5566613?
923
Calculate the greatest common factor of 52579120 and 2255.
55
Calculate the greatest common divisor of 33716 and 864.
4
Calculate the highest common divisor of 4944 and 9143928.
2472
What is the highest common factor of 73 and 1113306137?
73
What is the highest common factor of 4343 and 8477233?
101
What is the greatest common factor of 515011 and 413?
413
What is the greatest common factor of 19218601 and 3363?
59
What is the greatest common divisor of 683790322 and 368?
46
Calculate the highest common divisor of 25346080 and 48.
16
Calculate the highest common factor of 1473325 and 655.
5
Calculate the greatest common factor of 1528 and 1868171.
191
What is the greatest common divisor of 22693887 and 1854?
927
What is the greatest common factor of 95598860 and 1260?
140
What is the highest common divisor of 14125758 and 172?
86
Calculate the highest common divisor of 2030 and 287064330.
2030
What is the highest common divisor of 10098 and 229477798?
374
What is the greatest common divisor of 37044310 and 290?
290
What is the greatest common factor of 290004 and 8103381?
5577
Calculate the highest common divisor of 8885 and 9395.
5
What is the highest common divisor of 4267080 and 536?
8
What is the greatest common factor of 70 and 166726490?
70
Calculate the highest common factor of 3617175 and 435.
15
Calculate the highest common divisor of 3475 and 90227680.
695
What is the greatest common factor of 40099964 and 32572?
1916
Calculate the highest common factor of 6228428 and 1368.
76
What is the highest common divisor of 358389234 and 14?
14
Calculate the highest common factor of 143960 and 23992520.
2440
What is the greatest common divisor of 16960 and 14619785?
265
Calculate the highest common factor of 861000 and 16452.
12
What is the highest common divisor of 1686643 and 1743?
581
Calculate the greatest common factor of 1596078 and 1533114.
594
Calculate the greatest common factor of 1644 and 26314412.
548
What is the highest common divisor of 10363000 and 30100?
4300
Calculate the highest common divisor of 31944 and 586.
2
Calculate the greatest common factor of 59161956 and 48.
12
What is the h